et b(l) = 923*l. Let o be b(1). Let n = o + s. Is n a prime number?
False
Let j be 32/3*(-6)/(-4). Let w = j + -15. Is 157/(-2)*(w - 3) a composite number?
False
Is 19222/6 + ((-14)/3 - -4) a prime number?
True
Suppose -6*t = -20 + 8. Suppose -l + 4*y = -131, 5*l = -0*l - t*y + 611. Is l prime?
False
Suppose -3*a - 4*k + 13859 = -6*k, -4*k = -5*a + 23099. Is a a prime number?
False
Suppose -5*z + 5*s = 0, 5*z - 4*s = 3 + 1. Suppose -h + 841 = 4*d - 9*d, z*h - 3296 = 3*d. Is h composite?
False
Let x(k) = -k**3 + 4*k**2 + 3*k + 10. Let d be x(5). Suppose d = -5*b - z + 1470, -2*b - 4*z - 859 = -5*b. Is b composite?
False
Is (-1068060)/(-150) - 3/(-5) - 0 composite?
False
Suppose -3*g = -7 - 2, -4*f - g = -35. Let s(q) = 7*q**3 - 7*q**2 + 8*q + 5. Is s(f) a prime number?
False
Suppose 4*h = -12, 4*a + 2*h - 1303 = 7959. Suppose -4*q - a = -11*q. Is q a prime number?
True
Let v = 605 - 367. Let f = 255 + v. Is f a prime number?
False
Let s(t) be the third derivative of -t**6/60 - t**5/30 + 5*t**4/24 + 7*t**3/6 - 5*t**2. Let f(g) = -1. Let u(c) = 6*f(c) + s(c). Is u(-4) composite?
True
Let f be -12*(-7)/(21/2). Suppose c = -c - f. Is ((-20)/(-3))/(c/(-6)) a composite number?
True
Let p(a) = 2*a + 36. Let m be p(-13). Suppose -u + 2189 = m*u. Is u a prime number?
True
Suppose 4 = -t + 2. Let l be t/(-7) + (-94)/(-14). Suppose -4*c - 4*h + 344 = 0, -l*c + 3*h = -2*c - 438. Is c a prime number?
False
Let v(z) = 11*z + 134. Let b be v(9). Let c(q) = 146*q + 2. Let u be c(6). Suppose -b + u = 3*p. Is p composite?
True
Suppose v = -2*m + 904, m = 2*v - 1401 - 417. Suppose -3*l - 5*r = -1893, 4*r = 2*l - v - 354. Is l prime?
True
Let z(g) = g**3 + g**2 + g + 587. Is z(0) a composite number?
False
Let v = 248 - 487. Let h = v - -450. Is h a prime number?
True
Let f = -2547 + 6394. Is f prime?
True
Suppose 5*z = 4*b + 12, 0 = 6*z - 11*z. Is 4*(b + (-2188)/(-8)) a prime number?
False
Let w be (-1)/(-5 + 271/54). Let u = -18 - 1. Let q = u - w. Is q composite?
True
Suppose -5*c + 0*r + 945 = 3*r, -3*r - 915 = -5*c. Suppose 0 = 3*o - 36 - c. Is o a prime number?
False
Let g(k) = 3*k**2 - 9*k - 4. Let x(u) = -u + 18. Let t be x(11). Let b be g(t). Is ((-17312)/b)/(2/(-5)) composite?
False
Suppose d - 4 = -p, 4*d - 3*p + 0 - 2 = 0. Let i be d/8 + 567/(-12). Is 2 + 0 + i/(-1) a prime number?
False
Let t = 11712 - 5633. Is t a composite number?
False
Is (3 - 2)*(13368 + -7) a prime number?
False
Let g = 223 + -134. Let t = 662 - g. Is t composite?
True
Suppose 5078 = 5*f - 20117. Is f a composite number?
False
Suppose 0 = 3*t - 32 + 2. Suppose j - 2*s + 1 = t, -5*s = 4*j - 49. Suppose -j*o + 212 = -7*o. Is o prime?
True
Let f = 113 + -68. Let d(j) = f*j + 40*j - 50*j + 54*j. Is d(1) composite?
False
Suppose -4*u - 2*u = -209010. Is u a composite number?
True
Let h = -22 + 25. Suppose 0 = h*l - 6*v + v - 814, -5*l + 4*v + 1335 = 0. Is l a prime number?
True
Let l(c) = -4*c**2 + 6*c + 2. Let g(b) = -5*b**2 + 6*b + 2. Let f(y) = -5*g(y) + 6*l(y). Let o be f(-7). Is (-1266)/o*(-18)/12 a prime number?
True
Suppose 3*l = 3*x - l - 9619, x - 2*l - 3207 = 0. Let z = 4670 - x. Is z a prime number?
False
Let o(s) = 16*s**2 - 120*s + 325. Is o(47) a composite number?
False
Let j be ((-8)/5)/(5/(-3250)). Let z = -343 + j. Is z a prime number?
False
Suppose 13 = -3*i + 1. Let r be i/(12/15) - -2. Is -2 + (r - -2) + 22 a composite number?
False
Let r = -4 + 6. Suppose r*o + 15 = 5*f, -5*f + 4 = o - 26. Let w(n) = 2*n**2 + 1. Is w(o) prime?
False
Let j(t) = 213*t - 17. Let s be 4/(-7)*(-14)/8*2. Is j(s) a composite number?
False
Suppose 2*r + 5*t - 2474 = -0*r, 4*t = -16. Is r prime?
False
Let v = -6 + 14. Let b = v - 3. Suppose -b*i + 249 = -6. Is i composite?
True
Let f(r) = 544*r + 77. Is f(3) a composite number?
False
Suppose 320*d = 310*d + 12410. Is d composite?
True
Let d(w) be the third derivative of 2*w**5/15 - w**4/12 - 5*w**3/6 + 7*w**2. Suppose 0 = -4*g - 2 + 30. Is d(g) prime?
True
Suppose y = -3*y + 20, -322 = -2*o - 4*y. Let c = 360 - o. Is c a prime number?
False
Let v(n) = -19*n**2 + 2*n + 16. Let l(t) = t + 1. Let a(o) = 5*l(o) - v(o). Let k be (0 - (-2 + 3))*-5. Is a(k) a composite number?
False
Is (-44 + -2)/(62/(-6541)) a prime number?
False
Suppose -5*s + 92173 = -4*p, 3*s - 41349 = 3*p + 13956. Is s composite?
False
Let f(h) = -h**3 - 8*h**2 - 5*h - 7. Suppose -2*g - 16 - 2 = 0. Is f(g) a composite number?
True
Is 14/(-21)*-1395 + 1 + -2 a prime number?
True
Let b be ((-10)/6)/(1/(-3)). Suppose c + 1 = -2*o, -b*c - 4*o = -8 + 1. Suppose c*w - 124 = -w. Is w prime?
True
Suppose 4*y - 24 = 4*j, -16 = -y - 4*j - 0*j. Suppose y*k + 623 = 9*k. Suppose 0*v - 4*v + 4*l = -864, -3*v = 2*l - k. Is v prime?
True
Let y be 13/65 - 769/(-5). Let c = y + 633. Is c a prime number?
True
Suppose 0 = -2*c + 3*c. Suppose 5*f + 4*s + 15 = 45, -4*f - s + 13 = c. Is -541*-1*(-1 + f) a prime number?
True
Suppose 4*p - 84 = -4*z, 3*p + 0*p = 9. Suppose t - 3*r = 106, -2*t = 5*r - 194 - z. Is t prime?
False
Let p = -3 - 0. Is (2 - 723/9)/(1/p) a composite number?
True
Let o(r) = -17*r**3 - 3*r**2 + 2*r - 4. Let z(y) = y**3 - 2*y**2 - 4*y. Let s be z(3). Is o(s) a composite number?
True
Let h(w) = w**3 - 6*w**2 + 14*w + 1. Let c be h(10). Suppose -t - c = -2*t. Is t a prime number?
True
Let t(g) = 138*g**2 - 12*g - 16. Let r be t(7). Suppose -3*k = 3, 3*i + 0*k - r = -k. Is i prime?
True
Let g(i) = 2*i**3 - 6*i + 9. Let r be g(9). Is (r/(-12) - 5)/((-1)/4) composite?
False
Let a be 1 - 2 - (-3)/3. Suppose a = 4*i + 5*c - 20, 2*i - 34 = -i + c. Is 8/(-20) + 654/i composite?
True
Suppose d - 770 = r, 4*r = 2*d - 36 - 1510. Let c = d + -136. Is c prime?
True
Suppose 4*m - 18654 = 4462. Is m prime?
True
Suppose 0 = 5*l - 163 + 1418. Let z = l - -865. Suppose w - z - 35 = 0. Is w composite?
True
Let t(w) = 34*w**2 - 2*w + 23117. Is t(0) a prime number?
True
Let b(u) = u**3 + 20*u**2 + 4*u + 32. Is b(23) a composite number?
False
Let o(h) = h**3 + 18*h**2 + 16*h + 27. Let k be (1 - 2)/(3/42). Is o(k) a composite number?
False
Let d = -5 + 0. Let h = d + 7. Suppose h*x - 34 - 144 = 0. Is x prime?
True
Suppose 0 = -3*a - 263 + 461. Suppose 0*o + 5 = -o, q + 3*o - 232 = 0. Suppose 4*n = p - q, 2*n + a - 319 = -p. Is p a prime number?
True
Suppose -f + 62 + 68 = 0. Suppose -42*l + 1643 + 2683 = 0. Suppose l = u - f. Is u composite?
False
Let r = 493 - 293. Suppose 0 = 4*g - 252 - r. Is g a prime number?
True
Let m(i) = 6500*i**2 - i + 6. Is m(3) a composite number?
True
Let i = 28 + -30. Is (-1345 + -1)/(i + (-3 - -3)) prime?
True
Suppose 4*z = 4*k - 1778 + 12666, -5*z = k - 13592. Is z a prime number?
True
Suppose -p = -39 + 35. Suppose 3*h - p*h + 248 = f, 0 = -h - 5*f + 236. Is h a prime number?
True
Let v(d) = -d**2 + 4*d - 4. Let p be v(4). Let f be 573*(p + 11/3). Let y = 280 + f. Is y a prime number?
True
Suppose -1232 = 19*g - 266529. Is g prime?
True
Is 25/((-1700)/(-747507)) + (-1)/(-4) a composite number?
False
Let t = 44827 - 18986. Is t a composite number?
False
Let s = 1 - 39. Let y = s - -38. Let f(q) = -q + 119. Is f(y) a prime number?
False
Suppose 2*c - 5*w + w - 2 = 0, -5*c + 5*w + 25 = 0. Let j be c - 2/(6/9). Is (5 - j)/((-1)/89) composite?
False
Suppose u + j = 997, -4*j + 1999 = 2*u - 3*j. Let g = -467 + u. Is g composite?
True
Let h(m) = -708*m - 83. Is h(-3) a composite number?
True
Let c = 543 - 1169. Let b = c - -1720. Is b a composite number?
True
Let i(u) = 1118*u - 3. Let g = 2 - 1. Is i(g) a prime number?
False
Let k(a) be the first derivative of -147*a**4/2 + a**2/2 + 2*a + 5. Is k(-1) a composite number?
True
Let g(p) = 7*p**2 - 2*p - 20. Let k be g(10). Let z = k - 263. Is z prime?
True
Suppose 0 = -5*s + 599 + 551. Let a = s - 133. Is a a prime number?
True
Suppose 16*j - 21*j + 202795 = 0. Is j composite?
False
Let b(n) = 5*n - 2. Let m be b(1). Suppose -2*q - m*j + 113 = -309, q - 211 = -4*j. Is q composite?
False
Let s(p) = 177*p + 2. Let m be (0 + 1)*1 - 1 - -1. Is s(m) composite?
False
Let g = 9 + -2. Suppose 0 = -2*v + g*v - m + 3346, -2671 = 4*v + 5*m. Let s = v - -1154. Is s a composite number?
True
Let a(k) be the third derivative of 11*k**4/8 - 5*k**3/6 - 6*k**2. Suppose 0 = p + 2*m - 4, 0*p - p = 3*m - 4. Is a(p) a composite number?
False
Le